Let n be r(-2). What is the highest common divisor of l and n?
1
Let o(x) = 6*x + 148. Let f be o(-18). Calculate the greatest common factor of 30 and f.
10
Suppose -3*n + 12 = 0, -2*d + 3*d = 3*n + 32. Let h = d - -76. Let i be (8 - -2)*18/12. Calculate the greatest common divisor of h and i.
15
Suppose -10 = 5*z, i = -4*z + 9 + 9. Suppose -15 = -2*a + 63. Calculate the greatest common divisor of a and i.
13
Let n be (1677/86)/((-3)/(-2)). What is the highest common divisor of n and 325?
13
Suppose -23*p + 20*p + 132 = 0. Let s = p + -23. What is the greatest common factor of 14 and s?
7
Let y(x) = x**3 - x - 4. Suppose -3*j - 4*t + 20 = 0, 0*j - 22 = -4*j - 3*t. Let c = j + 0. Let w be y(c). Calculate the greatest common divisor of 7 and w.
7
Let n(o) = -3*o**3 + 33*o**2 + 11*o - 25. Let i be n(11). What is the highest common divisor of i and 12?
12
Let l = 18 + -9. Suppose -6*i + 29*i = 207. Calculate the highest common divisor of i and l.
9
Let p = 11 + 1. Suppose -j + 2*j - p = 0. Suppose 3*i - 2 - 8 = 4*w, 0 = 4*i + 4*w - 32. What is the highest common divisor of i and j?
6
Suppose -k - 11 = -13. Suppose k*c + 85 = 3*o, 4*o - 5*c - 130 = -12. What is the greatest common divisor of o and 9?
9
Suppose -4*z + 36 - 1536 = 0. Let n be (1 + 7)*z/(-50). Let j be (-1 - (-1 + 1)) + 25. What is the greatest common factor of j and n?
12
Let q be ((-28)/266 - (-270)/38)*19. What is the highest common factor of q and 49?
7
Let z be (-226)/(-2) - (-12 - (1 + -6)). What is the greatest common factor of z and 210?
30
Let h(p) = -26*p - 4. Let y be h(-3). Let t be 1 - (y + 2)/(-1). Let q = -21 - -32. What is the highest common divisor of q and t?
11
Let m be 3 + 1513/2 - (-2)/(-4). Calculate the greatest common divisor of 138 and m.
69
Let z(g) = -g**3 + 5*g**2 + 9*g + 246. Let p be z(9). Let n be (3/(-2))/(2/(-12)). Calculate the highest common divisor of n and p.
3
Suppose -4*y = 4*v - 51 - 1, 2 = y. Calculate the highest common factor of 407 and v.
11
Suppose u - 1 = 2, -2*n - 2*u = -14. Suppose -2*i + 122 = 2*v, -n*i - 188 = -7*i - 4*v. Calculate the greatest common factor of i and 28.
28
Suppose 0 = -2*x - 2*x + 3*h - 28, -3*x + 5*h = 21. Let z be -18*(-7)/(x/(-2)). Let s be 3 + -2 + -2 - -19. Calculate the highest common factor of z and s.
18
Let s(h) = h**3 + 19*h**2 + 15*h - 75. Let z be s(-13). Calculate the highest common divisor of 217 and z.
31
Suppose 5*g - 3*b - 529 = 0, -4*g = -4*b - 47 - 381. Calculate the highest common factor of g and 442.
26
Let c = -491 + 671. What is the greatest common factor of 450 and c?
90
Suppose -3*l = -0*k + 2*k - 83, 0 = 3*l - 3*k - 78. Let j = 18 + 67. Suppose -j = -2*a + 77. Calculate the highest common factor of a and l.
27
Let p = 20 - 16. Suppose -5*t + 66 = p*q + 264, 4*t + 174 = 2*q. Let h be (-12)/t - (-173)/7. What is the highest common divisor of 5 and h?
5
Let n(u) = 1 - 16*u - 2*u - 4 + 10. Let y be n(3). Let j = y + 116. Calculate the highest common factor of j and 23.
23
Suppose 4*q - 134 - 30 = 0. Let a(s) = 9*s**3 + 169*s**2 - 48*s - 26. Let i be a(-19). Calculate the greatest common factor of i and q.
41
Let u(q) = -q**2 + 9*q + 10. Let m be u(0). What is the greatest common divisor of m and 215?
5
Let z = -1952 - -1953. What is the highest common factor of z and 1?
1
Suppose 3*v + 60 = 5*v. Let f(l) = -2*l**2 + 62*l + 12. Let t be f(31). Calculate the highest common factor of v and t.
6
Let l be 15 + (6 - (0 - 2)). What is the greatest common factor of l and 1909?
23
Suppose u + 4*m = 2, 21*u - 2*m = 22*u - 12. Calculate the greatest common factor of 55 and u.
11
Suppose -5*d + 3*w = -22, -3*d - 5*w - 10 = -30. Suppose -4*b - 3*z + 106 = 0, 0 = -4*b + 34*z - 39*z + 110. What is the greatest common factor of d and b?
5
Let l(y) = y - 5. Let o be l(0). Let m = 30 - 70. Let t be (-75)/(o/(m/(-12))). What is the greatest common factor of 20 and t?
10
Suppose -4*w - 49*y = -45*y - 2492, -1248 = -2*w - y. Calculate the highest common divisor of w and 25.
25
Suppose 0 = q - 20*q + 380. Calculate the highest common factor of 290 and q.
10
Let x be 12/66 + (-1060)/22. Let n be 2/(-6) + x/(-9). Calculate the highest common divisor of n and 10.
5
Suppose 972 = -198*f + 210*f. What is the greatest common divisor of 189 and f?
27
Suppose 4*u - 108 = -104. Suppose 0 = 4*z - 6*z + 3*q - 1, 2 = z - q. Calculate the highest common factor of z and u.
1
Suppose 26*l + 3*l - 464 = 0. What is the greatest common divisor of l and 36?
4
Suppose 2*y = 4*m + 60, -23*y - m = -19*y - 75. Suppose -p - 6 + 0 = 0. Let w = -2 - p. What is the greatest common divisor of y and w?
4
Suppose 28*j = -u + 31*j + 173, 3*j + 925 = 5*u. Calculate the highest common divisor of u and 16.
4
Suppose 9*x = 14*x - 1400. Let y be 35/(-42)*-63*4/6. What is the highest common factor of y and x?
35
Let p = 567 + -295. What is the greatest common factor of 17 and p?
17
Suppose o - 2*o - 247 = 0. Let s = -320 + -103. Let g = o - s. What is the greatest common divisor of 16 and g?
16
Let s(r) be the third derivative of -r**6/120 + r**5/12 + r**4/8 - 2*r**3/3 + 6*r**2. Let q be s(4). What is the highest common factor of 8 and q?
8
Let s = -3 - -7. Suppose -51 = -4*w + 61. Calculate the greatest common divisor of w and s.
4
Let g(j) = -17*j**3 - 4*j**2 - 3*j - 2. Let w be g(-2). Calculate the highest common divisor of 341 and w.
31
Let u(v) be the third derivative of -v**5/60 - 2*v**4/3 - 7*v**3 - 5*v**2 - v. Let m be u(-8). Let n = -17 + 28. Calculate the highest common factor of n and m.
11
Let k = -9 + 9. Suppose 6*c - 12 = -k*c. Suppose -5*j + 30 = -c*j. Calculate the highest common factor of 4 and j.
2
Suppose -5*c + 4*s = -319, -2*s - 2 = -0*s. Let z = c - 34. Let u = z - 18. Calculate the greatest common factor of 88 and u.
11
Let z(p) = p**3 - 4*p**2 + 3. Let j be z(4). Let n(i) = -j - 3*i - 2 + 3 + 8*i. Let r be n(2). What is the highest common factor of r and 8?
8
Suppose -7*o = -3*o - 16. Let s be -5*(-1 + o + -4). What is the highest common divisor of s and 45?
5
Suppose 5*s - 2*p - 1129 - 1241 = 0, 3*p - 1422 = -3*s. Let t = s + -276. What is the highest common divisor of 22 and t?
22
Suppose x + 5*r = -2, 8*r = 4*x + 13*r - 67. What is the greatest common factor of x and 989?
23
Let x be 161 + (-2)/(-4)*8. What is the highest common divisor of x and 45?
15
Let u(w) = w**2 + 2*w + 4. Let x be u(-5). Suppose 22*y = x*y + 4719. Let c be (-4)/(-10) + y/55. What is the highest common factor of c and 87?
29
Suppose -38*d + 248 = -36*d. Let l = d + -108. What is the highest common divisor of 16 and l?
16
Let o(b) = b**3 - 5*b**2 - 11*b - 42. Let m be o(8). Let t = -686 + 1368. Calculate the greatest common divisor of m and t.
62
Suppose -7*f + 12 = -3*f. Suppose 230 = 5*d - f*d. Suppose -20 = -3*y + d. Calculate the highest common factor of y and 15.
15
Suppose -38*o = -82*o + 1056. Suppose -3*k + 0*k = -24. Calculate the highest common divisor of o and k.
8
Suppose -3*o - o = 20, 0 = -2*s + o + 35. Calculate the highest common factor of s and 165.
15
Let i be (1 + (-1)/5)*(-1 + 6). Suppose -4*s - v = -43 - 37, 0 = -i*v. Calculate the highest common factor of s and 110.
10
Suppose 4*p + 233 = a + 2977, -2035 = -3*p - 5*a. What is the greatest common factor of 5 and p?
5
Let v(k) be the second derivative of k**4/6 + k**3/3 - 3*k**2 - 30*k. Let s be v(5). What is the highest common divisor of s and 135?
27
Let y(d) be the first derivative of -d**4/4 - d**3/3 - 2*d**2 + 2*d + 6. Let l be y(-4). Let g = l + -42. Calculate the highest common factor of 36 and g.
12
Let x be 4806/8 + 3*1/(-4). Calculate the highest common divisor of 15 and x.
15
Let h(q) = q + 25. Let u be h(-7). Suppose -d + 0*f - 5*f + u = 0, 0 = -3*d - f + 26. What is the greatest common divisor of d and 40?
8
Let d = -94 - -416. Calculate the highest common factor of 154 and d.
14
Let p = 14 - 11. Suppose f + 2*i - 23 = 0, 2*f + p*f + 3*i = 87. Let j = f - 14. Calculate the highest common divisor of 7 and j.
1
Let s(n) = n**3 - 4*n**2 + n - 5. Let m be (0 - (-20)/(-28))*-7. Let b be s(m). What is the greatest common factor of 5 and b?
5
Let q = -39 + 57. Suppose 0 = 5*k - 158 + q. Let h be (36/(-15))/(30/(-50)). Calculate the greatest common factor of k and h.
4
Let t(f